9 + 11. Let d(j) = j + 44. What is the remainder when d(14) is divided by b?
18
Let h be (-10)/(-15)*(-9)/(-6). Calculate the remainder when ((-151 + h)/(-3))/1 is divided by (130/(-15))/((-2)/3).
11
Let b(x) = 9*x**3 + 2*x**2 - 3*x + 2. Let k be b(1). Suppose -k*o + 215 = -5*o. What is the remainder when o is divided by 11?
10
Suppose 2*w + 3*w = 15. Suppose -5*q - 6735 = w*n, 0 = -3*q - 3*n - 667 - 3380. Calculate the remainder when 38 is divided by (-1)/(-5) + q/(-105).
12
Let q = 32 + -2. Let u = 169 + -80. Calculate the remainder when u is divided by q.
29
Suppose -5*z - 5*g + 97 = -8*g, -2*g - 8 = 0. Calculate the remainder when 389 is divided by z.
15
What is the remainder when (37/(-2))/((-2)/4) is divided by (109 - 113) + -2*34/(-4)?
11
Suppose 11 - 1 = 2*z. Suppose 4*f + z*p = 8, -2*f - 2*p = -4*f + 22. Let h = -20 + 38. Calculate the remainder when h is divided by f.
4
Let x be (-38)/(-8) - 1/(-4). Let o be (28 + -8)*x/2. Suppose 5*t + 10 = 0, a = 5*t - 14 + o. What is the remainder when 77 is divided by a?
25
Let p(w) = -3*w**2 - 79*w - 73. Calculate the remainder when p(-22) is divided by 27.
24
What is the remainder when (-23)/((2/(-16))/1) is divided by 26?
2
Let j(c) = -c**2 + 29*c - 66. What is the remainder when 179 is divided by j(26)?
11
Let m be (-15 - 5)*2/(-10). Let w = 29 + -7. Calculate the remainder when (-3*w)/(m + -5) is divided by 17.
15
Let y(z) = -z**2 + 14*z - 24. Let x be y(11). Suppose -o = -x*o + 88. What is the remainder when 52 is divided by o?
8
Let x = 14 - -21. Calculate the remainder when x is divided by 21.
14
Let q(b) = 15*b**2 + b. Suppose -4*a - 3*y = 16, 3*a - 9 = -0*a + 3*y. Let x(g) = -46*g - 130. What is the remainder when x(-4) is divided by q(a)?
12
Let n(h) = h + 23. Suppose 0*a + 4*a = -2*l + 550, 0 = -2*a + 3*l + 263. Suppose q = -1, 4*x + 2*q = 6*x - a. Calculate the remainder when x is divided by n(0).
21
Let a(r) = -r**3 + 10*r**2 - 9*r + 1. Let s be a(6). Let q = -77 + s. Calculate the remainder when 83 is divided by q.
13
Let v(x) = 1 - x**2 - 61*x**3 + 3*x**3 - 7*x**3. Suppose t - 4*t = 3. What is the remainder when v(t) is divided by 17?
14
Suppose 5*f - d - 48 = 12, 36 = 2*f + 2*d. Calculate the remainder when 311 is divided by f.
12
Suppose 5*n + 0*n = -2*p + 66, -3*p + 5*n + 99 = 0. Suppose -31*q + 366 = 30*q. What is the remainder when p is divided by q?
3
Let i(q) = 78*q - 276. What is the remainder when 288 is divided by i(4)?
0
Calculate the remainder when (325/20 + -6)/((-4)/(-48)) is divided by 31.
30
Let o(d) = -11*d - 18. What is the remainder when o(-25) is divided by 26?
23
Let x(y) = -y**3 - y**2 + 2*y + 5. Let k be x(0). Suppose -u = -4*g + 3*u + 288, k*g - 387 = -4*u. What is the remainder when g is divided by 26?
23
Suppose 0 = -5*x + 2*k + 48, 2*x - 4 = -k + 17. What is the remainder when 13 is divided by x?
3
Suppose -4*k = 5*k + 405. Let m = 93 + k. Suppose -u + 7 + 6 = 0. What is the remainder when m is divided by u?
9
Suppose 3*u - 21 = 48. Suppose -9*a + 13*a + 136 = 0. Let k = 42 + a. What is the remainder when u is divided by k?
7
Let d = -15 + 18. Suppose -2*m = 3*o - 36, 31 = o + 3*o - d*m. Calculate the remainder when 2/(-3)*(-58 + 1) is divided by o.
8
Let n(r) = -2*r - 1. Let j be n(-2). Suppose -5*w - 5*k = -0*w - 50, 0 = 3*k - j. Suppose 0 = -2*b + w + 45. What is the remainder when b is divided by 10?
7
Let a be (0 - 91)*(-54)/(-63). Let n = a - -120. Calculate the remainder when n is divided by 9.
6
What is the remainder when 1 - 208/(-7) - (-72)/252 is divided by -2*(-2)/(-10)*-50?
11
Suppose -3*a + 33 = -3*b, a - 4*b - 8 = -12. Suppose 5*q - 147 = -4*t, 0*q + q = 5*t - 220. What is the remainder when t is divided by a?
11
Suppose 3*o - 93 - 24 = 0. Let h(n) = -n**3 - 10*n**2 + 9*n - 12. Suppose -2*q + 4*w = 18, q = -2*q - 3*w - 36. What is the remainder when o is divided by h(q)?
9
Suppose -5 = -2*k + 5. Suppose -46 = 11*v - 79. What is the remainder when k is divided by v?
2
Suppose 240 = 18*i + 6*i. Let v(s) = -37*s + 1. Suppose -3*h + 2 - 14 = 3*m, 12 = -4*h. Calculate the remainder when v(m) is divided by i.
8
Suppose 4*u - 4*m = 40, 0 = 4*u + m - 4*m - 43. Suppose -4*g + 20 = g. Suppose g*b - 90 - 10 = 0. Calculate the remainder when b is divided by u.
12
Suppose -57*n - 774 = -2085. Calculate the remainder when 2/(-2) + 2 + 88 is divided by n.
20
Suppose -20*l + 47 = -673. What is the remainder when 67 is divided by l?
31
Let l(r) = 3*r**2 + 35*r - 1. Calculate the remainder when 130 is divided by l(1).
19
Suppose -2*n = -11*n. Suppose -3*h + 27 + 72 = n. What is the remainder when h is divided by ((-12)/(-5))/((-4)/(-10))?
3
Suppose -235 = -2*r - 3*r. Suppose 0 = 7*q - q - 96. Calculate the remainder when r is divided by q.
15
Let x be ((-72)/(-48))/(6/(-8)). Let d = 7 + x. What is the remainder when d is divided by 4?
1
Let r = 33 - 19. Suppose -3*c = -h - 4, 2*c - 2*h = 3*c + 1. Let k(n) = 7*n**3 - 4*n**2 + n + 2. What is the remainder when r is divided by k(c)?
2
Let a = -37 + 39. Suppose -2*s - 106 = -5*o, 0 = o - 0*o + 5*s - 32. Calculate the remainder when 2*a/(-4)*-43 is divided by o.
21
What is the remainder when 59 + 0 + -6*7/21 is divided by 20?
17
Let j(q) = -4*q + 11. Let h be j(5). What is the remainder when 54 is divided by -3 + 2 - -3 - h?
10
Suppose -5 + 45 = 10*n. Suppose n*y = i + 120, -2*i + 5*i - 133 = -5*y. Calculate the remainder when y is divided by 10.
9
Suppose -357*o = -330*o - 432. Let c(w) = 8*w**2 + 3*w - 1. What is the remainder when c(-3) is divided by o?
14
Let o(r) = 2*r - 4. Let h be o(4). Suppose -77 - 147 = -h*q. Suppose 4*f - 2*y - 22 = 0, -5*f = 5*y - q - 9. Calculate the remainder when 22 is divided by f.
6
Suppose 0 = -4*b + 3 + 13. Suppose -136 = -2*j - 108. What is the remainder when j is divided by b?
2
Suppose 186 = 29*x - 1699. Calculate the remainder when 118 is divided by x.
53
Let c be 3/(-3) + (1 - -3). Let t(s) = -2 - 3*s + 3 + 3*s**3 - s**c + s**3. Calculate the remainder when 55 is divided by t(2).
17
Let q = -384 + 400. What is the remainder when 60 is divided by q?
12
Suppose 3 + 34 = s. What is the remainder when 221 is divided by s?
36
Let i(u) = -u**3 - 40*u**2 + 40*u - 36. Suppose 10*j - 5*j = 95. What is the remainder when j is divided by i(-41)?
4
Suppose 2*d = -0*r - r + 43, d = -5*r + 8. Suppose 3*o = 4*o - 4. Suppose 0 = -a - o*a + 60. What is the remainder when d is divided by a?
11
Suppose -x - 8 = 13. Let p(q) = q + 59. What is the remainder when 71 is divided by p(x)?
33
Let p(i) = -16*i - 17. Let v be p(-11). Suppose -l = 2*l - v. Calculate the remainder when l is divided by 19.
15
Let h = 90 - 78. Suppose -25 = -h*o + 599. What is the remainder when o is divided by 11?
8
Suppose -5*p + 133 = -c, 43 = 2*p + 3*c - 0. Let f = -274 - -320. Calculate the remainder when f is divided by p.
20
Let q = -79 + 386. What is the remainder when q is divided by 23?
8
Let o(k) = -2*k**2 - k + 14. Let l be o(0). Suppose -3*z = -l + 2. What is the remainder when 11 is divided by z?
3
Suppose -12*b + 14*b + 72 = 5*c, 28 = 3*c - 5*b. What is the remainder when 41 is divided by c?
9
Suppose -33 = -4*v + 2*a + 3, -46 = -5*v + 3*a. Calculate the remainder when 50 is divided by v.
2
Suppose 5*d - 48 = d. Suppose -18*c = -d*c - 66. Calculate the remainder when c is divided by 3.
2
Suppose 32 = -5*i + 97. Let p = i - 21. Let z = -4 - p. What is the remainder when 12 is divided by z?
0
Let u(z) be the second derivative of z**3/6 + 13*z**2/2 - 31*z. Let w(g) = g**2 - 8*g + 3. Let h be w(6). What is the remainder when 7 is divided by u(h)?
3
What is the remainder when 86 is divided by -13*1*(1 + -2)?
8
Let y(r) = -58*r - 1. Let n(c) = -3*c - 10. What is the remainder when y(-1) is divided by n(-10)?
17
Let o(f) = -f**3 - 7*f**2 - 8*f - 3. Let p be ((-6)/(-5))/(12/(-60)). Calculate the remainder when 17 is divided by o(p).
8
Suppose 1 = 5*t - 19. Suppose 5*u = 3*z + 30, z + 37 = 4*u - t*z. What is the remainder when ((-36)/(-21))/((4/(-14))/(-1)) is divided by u?
0
Let a(y) = -y**3 + 10*y**2 + 2*y + 16. Let t be a(10). Suppose 2*n + t = 5*n. Calculate the remainder when 47 is divided by n.
11
What is the remainder when 450 is divided by 10/(-6)*3 + 150?
15
Let c(t) = t**3 + 2*t**2 + 2*t. Let s = 99